by 1324?
1310
Calculate the remainder when 1394 is divided by 794.
600
What is the remainder when 7955 is divided by 2502?
449
Calculate the remainder when 444896 is divided by 94.
88
What is the remainder when 1991 is divided by 38?
15
Calculate the remainder when 7996 is divided by 364.
352
What is the remainder when 2947 is divided by 1765?
1182
What is the remainder when 721 is divided by 119?
7
Calculate the remainder when 2690 is divided by 34.
4
What is the remainder when 38160 is divided by 63?
45
Calculate the remainder when 15164 is divided by 1676.
80
Calculate the remainder when 1500 is divided by 214.
2
Calculate the remainder when 1002189 is divided by 2232.
21
What is the remainder when 6327 is divided by 624?
87
What is the remainder when 388 is divided by 41?
19
What is the remainder when 34154 is divided by 15?
14
Calculate the remainder when 764622 is divided by 17.
13
What is the remainder when 211342 is divided by 116?
106
Calculate the remainder when 3745 is divided by 210.
175
What is the remainder when 3384 is divided by 134?
34
What is the remainder when 26737 is divided by 835?
17
Calculate the remainder when 19511 is divided by 79.
77
What is the remainder when 273 is divided by 23?
20
Calculate the remainder when 16326 is divided by 8131.
64
Calculate the remainder when 754019 is divided by 71.
70
Calculate the remainder when 400 is divided by 109.
73
Calculate the remainder when 867326 is divided by 838.
834
What is the remainder when 58676 is divided by 56?
44
What is the remainder when 1685838 is divided by 20?
18
Calculate the remainder when 154941 is divided by 22.
17
Calculate the remainder when 51775 is divided by 24.
7
What is the remainder when 260385 is divided by 108?
105
What is the remainder when 943 is divided by 157?
1
Calculate the remainder when 35772 is divided by 313.
90
Calculate the remainder when 661959 is divided by 14.
11
Calculate the remainder when 15660 is divided by 375.
285
What is the remainder when 10792 is divided by 11?
1
Calculate the remainder when 34209 is divided by 1480.
169
Calculate the remainder when 2749 is divided by 676.
45
What is the remainder when 5455 is divided by 5414?
41
Calculate the remainder when 2110 is divided by 365.
285
Calculate the remainder when 45897 is divided by 135.
132
Calculate the remainder when 7906 is divided by 113.
109
What is the remainder when 14433 is divided by 8?
1
What is the remainder when 311 is divided by 199?
112
What is the remainder when 1468943 is divided by 19?
15
Calculate the remainder when 150876 is divided by 75433.
10
What is the remainder when 24888 is divided by 255?
153
Calculate the remainder when 1542 is divided by 8.
6
What is the remainder when 1092 is divided by 1022?
70
Calculate the remainder when 130401 is divided by 3.
0
Calculate the remainder when 6273 is divided by 3116.
41
Calculate the remainder when 8720 is divided by 69.
26
Calculate the remainder when 7494 is divided by 1232.
102
Calculate the remainder when 7354 is divided by 1032.
130
What is the remainder when 4398 is divided by 88?
86
Calculate the remainder when 376280 is divided by 186.
2
What is the remainder when 1047056 is divided by 630?
626
Calculate the remainder when 7461 is divided by 26.
25
What is the remainder when 8066 is divided by 175?
16
Calculate the remainder when 336 is divided by 120.
96
Calculate the remainder when 264190 is divided by 128.
126
Calculate the remainder when 871 is divided by 221.
208
Calculate the remainder when 3494 is divided by 38.
36
Calculate the remainder when 6672 is divided by 2149.
225
Calculate the remainder when 141176 is divided by 191.
27
Calculate the remainder when 2019 is divided by 998.
23
What is the remainder when 25528 is divided by 1706?
1644
What is the remainder when 141903 is divided by 654?
639
Calculate the remainder when 32831 is divided by 62.
33
Calculate the remainder when 9786 is divided by 70.
56
What is the remainder when 1238194 is divided by 119?
118
What is the remainder when 49975 is divided by 8329?
1
What is the remainder when 147384 is divided by 61?
8
Calculate the remainder when 23166 is divided by 122.
108
What is the remainder when 5451 is divided by 1050?
201
What is the remainder when 130252 is divided by 105?
52
What is the remainder when 25090 is divided by 241?
26
What is the remainder when 414647 is divided by 25?
22
Calculate the remainder when 138855 is divided by 136.
135
Calculate the remainder when 111507 is divided by 521.
13
What is the remainder when 1782 is divided by 56?
46
What is the remainder when 2951 is divided by 2823?
128
What is the remainder when 92437 is divided by 40?
37
What is the remainder when 1188 is divided by 255?
168
Calculate the remainder when 75853 is divided by 23.
22
Calculate the remainder when 78640 is divided by 174.
166
Calculate the remainder when 6254 is divided by 34.
32
What is the remainder when 11011 is divided by 479?
473
What is the remainder when 333376 is divided by 27?
7
Calculate the remainder when 137434 is divided by 8587.
42
What is the remainder when 101497 is divided by 33820?
37
What is the remainder when 164 is divided by 153?
11
Calculate the remainder when 21517 is divided by 94.
85
Calculate the remainder when 17650 is divided by 1358.
1354
Calculate the remainder when 73254 is divided by 115.
114
Calculate the remainder when 351325 is divided by 10.
5
Calculate the remainder when 481179 is divided by 53.
45
Calculate the remainder when 5437 is divided by 5417.
20
What is the remainder when 3749608 is divided by 19?
15
What is the remainder when 17754 is divided by 1491?
1353
Calculate the remainder when 22998 is divided by 100.
98
What is the remainder when 129114 is divided by 64549?
16
What is the remainder when 30930 is divided by 34?
24
What is the remainder when 999695 is divided by 118?
117
Calculate the remainder when 83913 is divided by 469.
431
What is the remainder when 2575 is divided by 90?
55
What is the remainder when 1600 is divided by 748?
104
What is the remainder when 57132 is divided by 510?
12
Calculate the remainder when 2358 is divided by 775.
33
What is the remainder when 41394 is divided by 13758?
120
Calculate the remainder when 6335645 is divided by 501.
500
What is the remainder when 595997 is divided by 2980?
2977
Calculate the remainder when 22078 is divided by 4414.
8
Calculate the remainder when 2065 is divided by 1548.
517
Calculate the remainder when 620020 is divided by 136.
132
Calculate the remainder when 457638 is divided by 132.
126
What is the remainder when 7137 is divided by 7087?
50
Calculate the remainder when 11438 is divided by 201.
182
Calculate the remainder when 153883 is divided by 51291.
10
What is the remainder when 61675 is divided by 32?
11
What is the remainder when 89665 is divided by 43?
10
What is the remainder when 17370 is divided by 34?
30
What is the remainder when 205633 is divided by 6?
1
What is the remainder when 182936 is divided by 7?
5
Calculate the remainder when 622806 is divided by 1435.
16
What is the remainder when 41583 is divided by 10385?
43
What is the remainder when 14331 is divided by 57?
24
Calculate the remainder when 13639 is divided by 3390.
79
Calculate the remainder when 51693 is divided by 211.
209
Calculate the remainder when 146221 is divided by 9138.
13
Calculate the remainder when 10894 is divided by 389.
2
Calculate the remainder when 873865 is divided by 57.
55
Calculate the remainder when 4825 is divided by 2406.
13
Calculate the remainder when 63317 is divided by 20.
17
What is the remainder when 267 is divided by 255?
12
What is the remainder when 8738 is divided by 53?
46
Calculate the remainder when 53659 is divided by 2540.
319
Calculate the remainder when 161906 is divided by 15.
11
Calculate the remainder when 256782 is divided by 22.
20
What is the remainder when 1739636 is divided by 1090?
1086
Calculate the remainder when 29821624 is divided by 786.
784
Calculate the remainder when 2710528 is divided by 27.
25
Calculate the remainder when 18966 is divided by 63.
3
Calculate the remainder when 130829 is divided by 52.
49
What is the remainder when 14505 is divided by 7246?
13
Calculate the remainder wh